pose 8 + 100 = 9*w. Calculate the remainder when 46 is divided by w.
10
Let l be 2/(-4)*(0 - -4). Let k(y) = 58*y**2 + y + 1. Let b be k(1). Calculate the remainder when 44 is divided by (2/(-4))/(l/b).
14
Let v = -20 - -3. Let a = -4 - v. Calculate the remainder when 23 is divided by a.
10
Let t = 14 - 4. What is the remainder when 38 is divided by t?
8
Suppose 2*l + 2*q - 10 = -0*l, 5*q - 20 = 0. Calculate the remainder when 123/(-12)*(l - 5) is divided by 14.
13
Let k(i) = -i**3 - 2*i**2 - 3*i + 4. Calculate the remainder when k(-3) is divided by 320/24 - ((-14)/(-6) + -1).
10
Let a = 12 + 30. Suppose 0 = -3*g - 4 + 37. Calculate the remainder when a is divided by g.
9
Suppose -v + 107 = 3*u, 123 = 5*u + 4*v - 46. What is the remainder when u is divided by 21?
16
Suppose 3*q + 0*q = 15. What is the remainder when 19 is divided by q?
4
Let g(j) = -32*j - 84. Calculate the remainder when (-14)/(1/((-10)/4)) is divided by g(-3).
11
Let h = 42 - 39. Calculate the remainder when (2/4)/(2/96) is divided by 0 - -13*(4 - h).
11
What is the remainder when 0/(-1) - 2 - -89 is divided by 30?
27
Let k(f) = 8*f + 2. Let u be k(5). Let g be 79/(-4) - (-2)/(-8). Let j = u + g. Calculate the remainder when j is divided by 8.
6
Let q(c) = -c**2 - 7*c - 1. Calculate the remainder when 42 is divided by q(-4).
9
Let c(x) = -8 + 7 + 9*x - x. Calculate the remainder when 28 is divided by c(2).
13
Calculate the remainder when (-15)/10*(-1 - 25) is divided by 20.
19
Suppose -73 = -13*v + 12*v. Calculate the remainder when v is divided by 20.
13
Suppose -19*z = -18*z - 43. What is the remainder when z is divided by 9?
7
Let n(y) = y**2 - 6*y + 7. Let g be -2 - -1*(0 - -7). Let d be n(g). Suppose 0 = -d*u + 24. What is the remainder when u is divided by 5?
2
Let i = 11 - 5. Suppose -4*o + 0*o - z - 45 = 0, -o = -3*z + 8. Let t = o - -22. What is the remainder when t is divided by i?
5
Suppose 8*a = 21 + 251. Calculate the remainder when a is divided by 13.
8
Let w = -106 + 50. Let o = 106 + w. Suppose -3*y + o = 2*y. What is the remainder when 19 is divided by y?
9
Let c be 18 + 0 + 0 + 2. Suppose c = z - 10. What is the remainder when z is divided by (-4)/(-18) + 142/9?
14
Suppose w = 5*h + 8, w = -4*h + 2*h + 1. Let l(x) = w*x**2 + 6 - x**2 + x**2 - 2*x**2 - 7*x. What is the remainder when 27 is divided by l(8)?
13
Let c = 18 - 5. Let y(l) = 4*l - 10. Let a be y(7). Let f = 20 + a. What is the remainder when f is divided by c?
12
Suppose -16 = -2*r - 3*t + 1, 3*r - 3*t - 18 = 0. Calculate the remainder when 17 is divided by r.
3
Let q(l) = l**3 + 5*l**2 + l + 7. Let i be q(-5). Let b = 0 + i. Suppose 0 = 3*s - w - 18, 4 + 2 = -2*w. Calculate the remainder when s is divided by b.
1
Let l be 7539/27 + 8/(-36). Suppose 0 = 3*k - 6*k + l. Suppose -5*z = -8*z + k. What is the remainder when z is divided by 16?
15
Suppose 2*g + 17 - 69 = 0. Let d(m) = -m**3 + 6*m**2 - 5*m - 3. What is the remainder when g is divided by d(4)?
8
Let p(l) be the third derivative of l**6/120 - l**5/15 + 2*l**3/3 - 3*l**2. Calculate the remainder when p(5) is divided by 8.
5
Let c = 1 - -3. Calculate the remainder when 16 is divided by c/2 - 28/(-7).
4
Suppose -39 = -2*p + 55. Calculate the remainder when p is divided by 25.
22
Let z = 35 + 6. Calculate the remainder when 161 is divided by z.
38
Let z = -72 - -109. Calculate the remainder when z is divided by (-2)/(-6) + (-112)/(-6).
18
Let r = -194 + 217. Suppose -4*a - 6 = l, -6 = a + a. Calculate the remainder when r is divided by l.
5
Suppose o + 3*t = 5*t + 43, -t = o - 31. Calculate the remainder when o is divided by 9.
8
Let d be (-4)/(-6) - (-344)/(-12). Let q = d + 42. Calculate the remainder when 41 is divided by q.
13
Suppose 3*n + 3*k - 6 = 12, 4*k - 31 = -5*n. Suppose 3*x = -2*t + 21, 0 = -5*x + 4 + 11. Calculate the remainder when t/6*(-1 - -19) is divided by n.
4
Let r = 12 + -5. Calculate the remainder when (-1)/4*(-77 - (0 + -1)) is divided by r.
5
Let g(l) = -l**3 + 8*l**2 - 6*l - 2. Let p be g(7). Suppose 2*u = p*u - 9. Calculate the remainder when 5 is divided by u.
2
Let z = 16 - 11. What is the remainder when z is divided by 2?
1
Let l(c) = 3*c**2 - 3*c - 3. Suppose -a - 3*d = -17, -2*a - a - d + 27 = 0. Calculate the remainder when l(3) is divided by a.
7
Suppose -p = -g + 3*p + 54, -4*p - 222 = -5*g. What is the remainder when 67 is divided by g?
25
Suppose -f = 2*p - 11, -4*p + 25 + 16 = 3*f. What is the remainder when 35 is divided by f?
16
Let o = 33 - 18. Calculate the remainder when 29 is divided by o.
14
Let q be (-626)/(-18) + 6/27. Suppose -94 = -3*v + q. Let l(x) = 2*x**2 - 4*x + 6. Calculate the remainder when v is divided by l(4).
21
Let g = 345 + -196. Suppose 0*d + 2*d = -3*v + 145, -3*v + 2*d = -g. Let b = 6 + 11. What is the remainder when v is divided by b?
15
Suppose -2*g = -3*f - 56, 2*f = -2*g + 36 + 20. Calculate the remainder when 55 is divided by g.
27
Let x(l) = l**3 - 8*l**2 - 5*l + 7. Let i(s) = 2*s**3 - 17*s**2 - 9*s + 15. Let h(m) = -2*i(m) + 5*x(m). Calculate the remainder when 7 is divided by h(7).
2
Suppose n = 8*n - 210. Calculate the remainder when n is divided by 8.
6
Suppose -7*k = -2*k - 60. Suppose -4*s - 32 + k = 0. Calculate the remainder when 6 is divided by (-10 + 5)*4/s.
2
Suppose -v - q = 4*v - 70, -70 = -5*v - 4*q. What is the remainder when 19 is divided by v*1 + (-3)/1?
8
Let i(b) = b**2 - 2*b - 3. Let c be i(4). Suppose -c*n + 9 = -11. Calculate the remainder when n is divided by 2.
0
Suppose -15*a - 70 = -5*z - 10*a, 0 = 5*z - a - 78. Suppose 2*c - 2 = 0, 3*s + 5*c - c = 97. Calculate the remainder when s is divided by z.
15
Calculate the remainder when 5/((4 + -5)*-1) is divided by 4.
1
Let x(g) = 4*g**2 - 10*g + 17. What is the remainder when 159 is divided by x(3)?
21
Let w = 19 + -10. Suppose -5*q = -q - 64. Calculate the remainder when q is divided by w.
7
Suppose 5*y + 14 = -5*k + 4, -2*k = -3*y + 19. Suppose 2*u = -y*u + 100. Calculate the remainder when 38 is divided by u.
18
Let n = 0 + 5. Suppose -2*d + 17 - n = 0. Let j(p) = -p**3 - 7*p**2 - p + 10. What is the remainder when j(-7) is divided by d?
5
Suppose 5*n - 2*v = 43 + 15, 0 = 4*n + v - 49. What is the remainder when n is divided by 8?
4
Let z = -104 + 155. Let m be 6/(-4)*(-20)/6. Calculate the remainder when z is divided by (-15)/6*(-26)/m.
12
Suppose 4*r = w + 2*w - 25, 5*w = 5*r + 40. Let k(a) = -a + 5. Let f be k(w). Let x = f + 12. What is the remainder when 29 is divided by x?
9
Let a be (-20)/1 - (1 + 1). Calculate the remainder when ((-56)/(-12))/(2/9) is divided by -2 - a/2 - -2.
10
Suppose -3*u + f = -94, -3*u + 4*f - 51 + 157 = 0. What is the remainder when 149 is divided by u?
29
Let s(i) = -i + 10. Calculate the remainder when 29 is divided by s(0).
9
Suppose -4*f = -110 + 14. Let i(g) = -g**3 - 5*g**2 - g - 3. Let r be i(-5). Suppose r*h - h = 13. What is the remainder when f is divided by h?
11
Let v(n) = n + 7. Suppose -2*o - 5*z = 20, -3*z - 7 = 2*o + 5. What is the remainder when v(o) is divided by 3?
1
Suppose 3*w + 2*w + 235 = 0. Let k = -32 - w. What is the remainder when 28 is divided by k?
13
Let v(w) = -4*w - 2. Let a be v(-3). Let t = -6 + a. Calculate the remainder when 11 is divided by t.
3
Let y = -33 + 62. Suppose 0*v - 4*x + 46 = 5*v, 5*v + 5*x = 45. What is the remainder when y is divided by v?
9
Suppose 5*g - 57 + 200 = 3*y, -5*g + 185 = 5*y. Suppose -2*q = -5 + 1. Suppose -p = -q - 12. What is the remainder when y is divided by p?
13
Suppose 0 = 4*w - 2*w - 186. Suppose -3*r + w = -30. Suppose -2*u = -j + 39, u + 3*u = j - r. Calculate the remainder when j is divided by 13.
11
Let i = 1 + 4. Let s(f) = -f**3 + 3 - 4 + 6 + f**2 - 10*f**2 - 9*f. Calculate the remainder when s(-8) is divided by i.
3
Suppose -6 = -0*v - v. Suppose -2*g - 4*b = -42, 2*b + v = g - b. Calculate the remainder when ((-10)/6 - -1)*-42 is divided by g.
13
Suppose -2*o + 30 = -18. Suppose v - l = 2, -v = 4*v - 3*l - 16. Let g = v + o. Calculate the remainder when g is divided by 10.
9
Let w(s) = s**2 - 3*s + 12. Calculate the remainder when w(5) is divided by 8.
6
Suppose 2*k + 3*g + 28 = 3*k, 2*g = 0. Suppose -5*f = h + k, 2*h + 4*f + 13 + 43 = 0. Calculate the remainder when ((-90)/21)/(2/h) i